*l - 46 = 3*y, -s*y = -4*l + 29. What is the units digit of l?
1
Let b be 3*-2*16/(-48). Suppose b*y + 120 = 4*y + 4*s, -32 = -y + 5*s. What is the tens digit of y?
5
Let d = -17 + 257. Suppose 5*h - d = m, -4*h - 3*m + 121 + 52 = 0. What is the tens digit of h?
4
Suppose 0 = -4*f + s + 3, 5*f - s + 3*s + 6 = 0. Let m(j) = j - 5. Let z be m(f). What is the units digit of ((-6)/(-5))/((-2)/z)?
3
Suppose 154 = -98*f + 100*f. What is the units digit of f?
7
Suppose -4*j - i + 85 = 0, 0*i = j - 4*i - 17. What is the tens digit of j?
2
Let v = 3 + -4. Let p = 12 + v. What is the units digit of p?
1
Suppose -o - 162 = -2*f, 3*f - o = -0*f + 242. What is the units digit of f?
0
Let m(w) = 21*w - 13. What is the hundreds digit of m(7)?
1
Suppose 0 = 2*w - 5*z - 627, -9*w + 11*w = -3*z + 603. What is the units digit of w?
6
Let t = 8 + -8. Suppose 0*l - 4*l - 16 = t, 0 = 2*g + 3*l - 2. What is the units digit of g?
7
Suppose -f = -i + 99, -2*f - 3*f = -15. What is the tens digit of i?
0
Let o = -17 - -69. What is the units digit of o?
2
Let r(z) = 2*z**2 + z - 4. Let m be r(-9). What is the tens digit of m/7 - (-14)/(-49)?
2
Let p(o) = 4*o**2 - 5*o. Let n be p(3). Suppose -4*f = -65 + n. What is the tens digit of f?
1
Suppose -35 - 59 = 2*i. Let s = i - -86. What is the tens digit of s?
3
Let q(t) = -t**2 + 12*t + 5. Let r be q(12). Suppose 0 = r*c - 28 - 32. What is the units digit of c?
2
Let z be 17/(-3) + 12/18. Let n(k) = -4*k + 1. What is the tens digit of n(z)?
2
Suppose 0 = w - 4, 3*c + 5*w - 42 - 17 = 0. Suppose 0 = -3*i - 5*b + 13, 3*b + 21 = 4*i + 6*b. Let f = c - i. What is the units digit of f?
7
Suppose 0 = -0*d + 3*d - 9. Suppose 0 = 3*k - 6, d*k + 3 = 2*u + u. Suppose 1 = 2*z - 5*p - 28, -p - u = 0. What is the units digit of z?
7
Let d be 4*((-30)/8)/5. Let v be (-2 - -2)*d/(-3). Let g = 1 + v. What is the units digit of g?
1
Let p(f) = -f**2 + f - 1. Let y be p(0). Let t = y + -3. Let i(x) = -x**3 - 3*x**2 + 2*x - 2. What is the units digit of i(t)?
6
Let u be (11 - 1)/((-1)/(-4)). Suppose 0 = 2*d - 5*o - 30, 6*o = 4*d + o - u. Let q(j) = -j**2 + 7*j - 4. What is the units digit of q(d)?
6
Let s(q) = -q**3 + 6*q**2 - 4*q - 2. Suppose -2*y + 3*y - 14 = 0. Suppose 5*p - y - 11 = 0. What is the units digit of s(p)?
3
Let t(y) = -y - 4 + 0*y + 2*y - 3*y. What is the units digit of t(-4)?
4
Let o(v) be the third derivative of -1/24*v**4 - v**2 + 1/2*v**3 + 0 + 0*v. What is the units digit of o(0)?
3
Let g be -1 - (4/(-2) - -3). Suppose 2*a = -a + 9. What is the units digit of (g/a)/((-2)/3)?
1
Let t(y) = 0*y**2 + y**2 - 2*y**2 + 3*y - 4*y. Let x be t(-1). Suppose x = 3*o - 13 - 35. What is the units digit of o?
6
Let d be 3*(12/(-9))/2. What is the units digit of d + -1 + (-9 - -34)?
2
Let d = -12 - -30. What is the tens digit of -2 + (d - -3) + -2?
1
Suppose 0 = 2*d - 4*d + 28. What is the units digit of (-10)/35 + 130/d?
9
Let v(g) = 3*g - 8. Let d(h) = -3*h + 1. Let r be d(-2). What is the tens digit of v(r)?
1
Let v be (-10)/5 + -1 + 7. Suppose 8*u - 5*j = 3*u + 55, -49 = -v*u + 5*j. What is the units digit of u?
6
Let y be (22/4)/((-1)/2). Let h = -2 - y. What is the units digit of h?
9
Suppose -70 = -2*l + 214. What is the hundreds digit of l?
1
Suppose 3*l + 3*p = 8*l + 5, -4 = 4*l - p. Let y(q) = q + 1. Let h be y(l). Suppose h = 3*g - 28 - 32. What is the units digit of g?
0
Suppose 2*o - 560 = -3*o. What is the hundreds digit of o?
1
Let n be ((0/1)/3)/(-2). Suppose n = -3*u + u - 3*i + 102, 232 = 5*u - 4*i. Suppose -5*j + 40 = -5*v, 6*j - 3*j = -3*v + u. What is the tens digit of j?
1
Let x = 21 + -11. What is the units digit of x?
0
Let s(n) = -n. Let g = -3 - 1. Let q be s(g). Suppose -5*f = -q*f + 5, 4*f + 26 = 3*o. What is the units digit of o?
2
Let s(r) = 4*r - 2. Let y be s(4). Let k = 36 - y. What is the units digit of k?
2
Suppose 2*a - 3 = -1. Suppose d - a = 2*d. Let u(w) = -15*w. What is the units digit of u(d)?
5
Let w(r) = r**3 + 10*r**2 + 6*r + 10. What is the tens digit of w(-9)?
3
Let j be 35/(-2) + 1/(-2). Let v be 6/j*9/(-1). Suppose 2*u - v - 9 = 0. What is the units digit of u?
6
Suppose 5*w = -8*z + 3*z - 20, -4*w = -4*z + 8. Let s(a) = a**2 - a - 3. What is the units digit of s(w)?
9
Let z(l) = -l**3 + 1 - 3*l + 2*l + l**2 + 2*l. What is the units digit of z(-2)?
1
Suppose 3*w = -2*t + 131, 3*w - 6*w + t = -128. What is the units digit of w?
3
Suppose 0 = -d + 6*d - 40. Let g(m) = -m**3 - m**2 + m + 37. Let u be g(0). Suppose 5*o = -2*k + d, -3*k - 4*o = 2*k - u. What is the units digit of k?
9
Suppose 1 = 2*y - 9. Suppose 0*o = o - 4. Suppose -3*a + 31 = -o*n - 16, 89 = y*a + 4*n. What is the tens digit of a?
1
Let t = 21 + 4. What is the tens digit of t?
2
Let n = -57 - -121. What is the units digit of n?
4
Suppose h = -3*m + 11, 5*h = 2*m - 4*m + 16. Let b(s) be the third derivative of s**6/60 - s**5/60 - s**4/24 - s**3/3 - s**2. What is the units digit of b(h)?
8
Suppose -8*y - 529 = -11*y - 5*u, 2*y - 4*u = 338. What is the units digit of y?
3
Suppose 4*f - 7*f + 1257 = 0. What is the tens digit of f?
1
Let h be (0 - (-3)/3) + 2. Suppose o + 1 = q - h*q, q = o - 11. What is the units digit of o?
7
Suppose 5*z - 172 = z. What is the units digit of z?
3
Suppose 4*p = -n - 4*n + 220, 44 = n + p. Let o = -27 + n. Let f = o - 8. What is the units digit of f?
9
Suppose -14*m + 6*m = -1808. What is the tens digit of m?
2
Let q(d) be the second derivative of 7*d**4/12 + d**3/3 + d**2/2 - d. What is the units digit of q(-1)?
6
Let c = 267 - 185. What is the units digit of c?
2
Let j = -3 - -2. What is the units digit of (j - (-1 + 1)) + 6?
5
Suppose -a - 4*a - 55 = 0. Let i(d) = -d**3 - 10*d**2 + 9*d + 6. What is the units digit of i(a)?
8
Suppose 0*r = -r. Let m = 2 + r. What is the units digit of m?
2
Let s be ((-24)/15)/(2/10). What is the units digit of (6 + -2)*(-10)/s?
5
Let g be 2/(-8) - 63/(-28). What is the units digit of (2 + g)/((-2)/(-8))?
6
Let m(l) = 0 - 2 - l + 0*l. Let a be m(-2). Let k = a + 5. What is the units digit of k?
5
Let o(m) = m**3 + 6*m**2 + 1. Let c be o(-4). Suppose 2*l - 91 = -5*v, -5*v + l = -c - 64. What is the units digit of v/4 - (-1)/4?
5
Suppose -4*c + 7 + 1 = 0. Suppose d = -0*d + c. Suppose 0 = d*g - 9 - 11. What is the units digit of g?
0
Let p be 10/(-15)*(-9)/2. Let t = p - -4. What is the units digit of t?
7
What is the units digit of ((-14)/(-6) + -1)/(140/1575)?
5
Suppose 0 = 4*s - 8*s + 32. Suppose -5*d = -2*b + b - s, -5*b + 3*d + 4 = 0. What is the units digit of b?
2
Let k(p) = -9*p**3 + 1. Let u be k(-1). Suppose -2*l = -l - u. What is the tens digit of l?
1
Let l be (-624)/40 + 6/(-15). Let y = l - -21. What is the units digit of y?
5
Let r(w) = 155*w**2 + 3*w - 3. What is the hundreds digit of r(1)?
1
Let g(q) = -q**2 + 6*q + 4. Let z be (-2)/(2/(-1))*5. What is the units digit of g(z)?
9
Let o = -65 - -16. What is the units digit of (-1988)/o + (-3)/(-7)?
1
Suppose 2*d + 2*i - 370 = -0*d, 0 = 2*i - 2. What is the hundreds digit of d?
1
Let h(l) = -4*l - 5. Suppose k + 0*k + 2*w = 12, -2*w = 3*k - 32. Let r be k/25 - (-54)/(-10). What is the tens digit of h(r)?
1
Suppose 13*u - 2*u - 660 = 0. What is the tens digit of u?
6
What is the units digit of ((-4)/(-8))/((-1)/(-18))?
9
Let d(l) = 2*l**2 - 23*l + 14. Let q(z) = -3*z**2 + 34*z - 21. Let f(v) = -7*d(v) - 5*q(v). What is the units digit of f(9)?
7
Let z(u) = u**2 - 11*u + 3. What is the units digit of z(12)?
5
Let l(b) = b**3 + 13*b**2 - 3. Let y be l(-13). Let z = y - -13. What is the units digit of z?
0
Suppose 0 = -t + 6*t. Suppose q + q - 28 = t. What is the units digit of q?
4
Suppose -180 + 12 = -6*m. What is the units digit of m?
8
Suppose 0 = -3*j + j + 120. What is the tens digit of j?
6
Suppose w - 3*i = 15, i - 4 = w - 11. Suppose -b - 3 = -5*y - 26, y + 19 = 2*b. Suppose w*d + 2 = -5*n, 4*n + 4*d + b = -0*n. What is the units digit of n?
2
Let n be -2 + 0 - 0 - -28. Suppose -34 = -g - 2*d + 7*d, -3*d = -g + n. What is the units digit of g?
4
Let i(u) = u**3 - 6*u**2 - 2*u + 5. What is the units digit of i(7)?
0
Let b(v) = -v**2 + 3*v - 1. Let z be b(3). Let g be 4 + z + 1 + -2. Suppose -4*u + 3*s = -g*s - 4, -2 = -3*u + 4*s. What is the units digit of u?
6
Suppose 4*x - 7*x - 18 = 0. What